m**2 - 55*m - 272. Calculate i(6).
-314
Let c(d) = -53*d**2 - 625*d + 116. Give c(-12).
-16
Let i(n) = 2*n**3 - 713*n**2 + 1742*n + 9843. Give i(354).
-69
Let j(c) = 6286*c + 43960. Calculate j(-7).
-42
Let k(p) = -7*p**2 - 3042*p - 9122. Determine k(-3).
-59
Let q(p) = 2447*p + 70745. Give q(-29).
-218
Let c(j) = 5*j**2 - 67*j - 355. Determine c(-22).
3539
Let r(t) = -55*t**2 + 38*t + 124. What is r(2)?
-20
Let d(u) = -5*u**2 - 1039*u + 3613. What is d(-211)?
237
Let d(u) = -7234*u - 9816534. Give d(-1357).
4
Let o(s) = 2*s**2 - 26107*s + 26103. What is o(1)?
-2
Let c(u) = u**3 + 85*u**2 - 1355*u + 26362. Give c(-101).
1
Let c(d) = -43*d**3 + 4*d**2 + 52*d - 54. What is c(1)?
-41
Let m(j) = 6*j**2 + 7*j - 240. Give m(14).
1034
Let u(o) = -68*o**2 + 7238*o - 3309. Give u(106).
-129
Let q(k) = 34*k + 932. Calculate q(-68).
-1380
Let t(d) = 4*d**2 - 951*d + 8587. Determine t(9).
352
Let a(t) = 41*t**2 + 466*t + 3255. Give a(-7).
2002
Let m(s) = -581*s + 63387. Give m(109).
58
Let u(i) = -22*i + 1837. Calculate u(78).
121
Let w(b) = 640*b**2 + 10106*b + 15. Determine w(-16).
2159
Let y(u) = 10655*u - 202474. Determine y(19).
-29
Let v(i) = 3*i**2 + 2766*i - 46859. Give v(17).
1030
Let r(u) = -5*u**3 - 18*u**2 - 27*u - 38. Calculate r(-7).
984
Let l(d) = 6*d**2 + 1112*d + 2832. What is l(-183)?
270
Let y(a) = 36*a**2 - 668*a - 2738. Give y(22).
-10
Let t(z) = -44*z**3 + 328*z**2 + 13*z + 3. What is t(-2)?
1641
Let a(k) = -k**2 - 73141*k - 8616697. Calculate a(-118).
17
Let z(j) = -6*j**2 - 28204*j - 281404. Give z(-10).
36
Let l(o) = -o**3 - 43*o**2 + 277*o + 16259. Give l(-22).
1
Let z(l) = -217*l + 8905. Calculate z(42).
-209
Let q(r) = 7978*r - 654193. Calculate q(82).
3
Let m(a) = 2*a**2 + 7330*a + 6695923. What is m(-1732)?
11
Let h(i) = 253418*i - 2027143. Calculate h(8).
201
Let w(u) = -17*u**2 - 1883*u + 115. Calculate w(-110).
1545
Let d(y) = y**2 + 4531*y - 31771. Give d(7).
-5
Let s(x) = -1224955*x + 8574671. Calculate s(7).
-14
Let y(s) = 5*s**2 + 58*s + 104. Give y(10).
1184
Let d(h) = -h**3 - 148*h**2 - 815*h + 5262. Determine d(-142).
8
Let o(f) = 216*f - 6671. Determine o(33).
457
Let j(m) = -2*m**3 - 480*m**2 + 12096*m - 542. Give j(-263).
-16
Let v(q) = 55*q**2 - 971*q - 1367. Give v(19).
39
Let k(p) = p**2 + 20015*p + 200079. Determine k(-10).
29
Let f(d) = -d**3 + 49*d**2 + 112*d - 4956. Give f(49).
532
Let n(q) = 13*q**2 + 511*q - 346. Determine n(-40).
14
Let i(a) = a**3 - 21*a**2 - 107*a + 1390. Give i(20).
-1150
Let j(l) = -4262*l + 272460. Give j(64).
-308
Let x(v) = -10202*v + 816188. Determine x(80).
28
Let s(j) = 17*j**3 - 285*j**2 - 77*j - 229. Calculate s(17).
-382
Let b(n) = -n**3 - 24*n**2 + 54*n - 5. Determine b(3).
-86
Let n(w) = -4*w**3 - 50*w**2 - 602*w + 51. What is n(-9)?
4335
Let m(r) = r**3 + 4*r**2 - 371*r + 111. Determine m(17).
-127
Let k(s) = -687*s**2 + 9497*s + 1698. Calculate k(14).
4
Let n(j) = -5*j**2 - 66*j - 84. Give n(10).
-1244
Let z(j) = 76193*j - 1371513. Determine z(18).
-39
Let m(t) = 10060*t - 744457. Calculate m(74).
-17
Let s(y) = -36*y**2 + 2269*y - 2287. What is s(62)?
7
Let q(c) = 2*c**3 + 22*c**2 + 59*c + 33. What is q(-2)?
-13
Let a(n) = -n**2 - 317*n - 22517. Determine a(-210).
-47
Let b(r) = -385*r - 50820. Give b(-132).
0
Let g(q) = -3*q**3 + 33*q**2 - 25*q + 74. Determine g(8).
450
Let u(x) = 130*x**3 + 8*x**2 - 52*x + 45. What is u(1)?
131
Let m(r) = 2*r**2 - 438*r - 34448. Give m(-59).
-1644
Let p(i) = -30584*i + 13. Determine p(0).
13
Let u(t) = -2*t**2 + 51*t + 933. Calculate u(36).
177
Let z(p) = -12*p**3 + 71*p**2 - 6*p + 122. Determine z(7).
-557
Let x(m) = -m**3 + 28*m**2 - 169*m + 11. Calculate x(9).
29
Let i(l) = 4*l**2 + 3968*l - 953614. Determine i(200).
-14
Let f(o) = -21*o**3 - 66*o**2 + 874*o - 17. What is f(5)?
78
Let t(v) = -7*v**2 - 4283*v - 46246. Give t(-11).
20
Let o(k) = -2*k**3 - 272*k**2 + 1374*k - 5063. Determine o(-141).
13
Let o(l) = l**2 - 117*l + 1002. Give o(109).
130
Let l(m) = 2969*m + 71202. What is l(-24)?
-54
Let x(u) = u**2 + 45*u - 10131. Calculate x(80).
-131
Let j(i) = 240*i - 16312. Determine j(68).
8
Let p(g) = 4*g**2 - 298*g + 203. Give p(71).
-791
Let j(h) = 34*h**2 - 985*h + 945. Calculate j(28).
21
Let a(v) = 1706*v - 11925. Determine a(7).
17
Let l(f) = -39*f**2 - 2202*f + 8791. Give l(4).
-641
Let i(m) = -5884*m - 64704. Determine i(-11).
20
Let w(c) = c**3 + 218*c**2 + 2070*c - 2295. What is w(-208)?
-215
Let y(u) = -3*u**3 + 132*u**2 - 32*u + 69. What is y(44)?
-1339
Let l(t) = -t**3 + 20*t**2 - 60*t - 70. Calculate l(18).
-502
Let v(p) = 5111*p + 986389. Calculate v(-193).
-34
Let f(u) = 38*u**2 + 388*u + 156. Determine f(-13).
1534
Let y(h) = -393*h**2 - 14936*h - 76. What is y(-38)?
0
Let m(d) = -1340*d + 5049. What is m(4)?
-311
Let h(j) = -21*j - 6379. What is h(-67)?
-4972
Let m(l) = -6072*l - 242729. Give m(-40).
151
Let z(y) = -y**2 - 21074*y + 3247723. Determine z(153).
-8
Let u(c) = -c**2 - 227*c + 108183. Give u(235).
-387
Let h(c) = 5311*c + 169932. What is h(-32)?
-20
Let h(y) = -10814*y + 21369. Calculate h(2).
-259
Let y(o) = -63*o**2 + 55*o - 2. Give y(3).
-404
Let o(m) = 2280817*m - 52458776. What is o(23)?
15
Let r(v) = -4620*v - 401. What is r(0)?
-401
Let n(i) = i**2 + 237509*i - 2850234. Determine n(12).
18
Let u(b) = 4*b**3 - 49*b**2 + 35*b - 528. Calculate u(15).
2472
Let c(r) = r**3 + 28*r**2 - 278*r + 399. Give c(-36).
39
Let b(o) = -22*o - 8. What is b(-11)?
234
Let i(u) = -394*u + 6461. What is i(17)?
-237
Let d(r) = -7260*r - 14702. What is d(-2)?
-182
Let g(f) = -229*f**2 + 1063*f - 246. Give g(4).
342
Let w(c) = -461471*c - 7383563. What is w(-16)?
-27
Let i(w) = -392*w**2 - 6775*w - 6777. What is i(-1)?
-394
Let l(z) = z**2 - 905*z - 25154. Determine l(-27).
10
Let u(p) = -5178*p - 1289316. What is u(-249)?
6
Let a(v) = -9*v**2 + 12154*v - 72627. Give a(6).
-27
Let i(n) = 5*n**3 - 15*n**2 - 69*n - 301. Determine i(-5).
-956
Let u(x) = -55*x**2 + 544*x - 1580. Give u(7).
-467
Let z(k) = 151*k**2 + 249*k + 1011. Calculate z(-5).
3541
Let m(s) = -s**3 + 304*s**2 + 1527*s + 5572. Determine m(309).
10
Let m(s) = s**2 + 2041*s - 45371. Give m(22).
15
Let s(q) = 19*q**3 + 25*q**2 + 8*q - 4. Determine s(1).
48
Let m(v) = -2*v**3 + 27*v**2 - 67*v - 2. Calculate m(5).
88
Let k(l) = -13267*l - 1233829. Calculate k(-93).
2
Let s(h) = 7*h**2 + 29*h + 370. Determine s(-11).
898
Let i(b) = -9*b**2 - 203*b - 1060. Give i(-6).
-166
Let l(i) = -16*i**3 - 27*i**2 + 60*i - 12. Determine l(2).
-128
Let s(z) = -z**3 + 41*z**2 - 4*z - 1624. What is s(7)?
14
Let r(i) = -4448*i - 613969. What is r(-138)?
-145
Let t(v) = -957*v - 49. Calculate t(0).
-49
Let z(i) = -i**3 - 13*i**2 - 368*i - 5252. What is z(-14)?
96
Let o(z) = 33*z**2 - 5650*z - 11362. Calculate o(-2).
70
Let r(n) = -n**2 - 445*n - 21931. Calculate r(-56).
-147
Let x(p) = -160*p + 27294. Determine x(170).
94
Let k(o) = 83*o**3 + 5977*o**2 + 72*o - 16. Calculate k(-72).
-16
Let z(n) = 1235*n**2 + 4292*n + 3064. What is z(-1)?
7
Let k(d) = 24*d - 122. Calculate k(14).
214
Let m(d) = 873*d - 28663. Give m(33).
146
Let w(b) = 628*b + 5606. Calculate w(-9).
-46
Let c(b) = b**3 + 10*b**2 - 16075*b - 193324. What is c(-12)?
-712
Let u(c) = 2980*c**2 + 8954*c + 42. Calculate u(-3).
0
Let h(b) = -290*b - 3470. Give h(-15).
880
Let t(s) = s**3 + 139*s**2 - 730*s + 1994. Give t(-144).
3434
Let j(l) = 920*l - 76372. What is j(83)?
-12
Let i(o) = 68*o**3 - 3*o**2 - 73*o - 206. Determine i(-3).
-1850
Let n(y) = -3*y**3 - 69*y**2 - 61*y - 156. Calculate n(-21).
-1521
Let w(k) = -15*k**2 + 8116*k + 133704. Calculate w(-16).
8
Let g(q) = 6699*q + 20317. Determine g(-3).
220
Let x(a) = 4*a**2 - 107*a - 1860. Calculate x(39).
51
Let r(s) = -2649*s + 33255. Determine r(13).
-1182
Let m(z) = -2*z**2 - 446*z - 4063. What is m(-213)?
197
Let l(p) = 3*p**3 + 895*p**2 + 23513*p + 2359. Determine l(-29).
10
Let f(v) = -8826*v + 6741. Give f(1).
-2085
Let s(n) = -6*n**2 - 2163*n + 8756. What is s(4)?
8
Let k(w) = 44*w**2 - 1985*w - 119. Calculate k(45).
-344
Let h(a) = a**3 - 34*a**2 + 5*a - 2713. Give h(36).
59
Let m(t) = -526*t - 17433. Calculate m(-33).
-75
Let k(z) = 42*z**3 - 131*z**2 + 571*z - 1669. Give k(3).
-1
Let v(m) = -m**3 - 218*m**2 - 19*m - 4139. Calculate v(-218).
3
L